{"id":10423,"date":"2024-06-29T09:51:47","date_gmt":"2024-06-29T07:51:47","guid":{"rendered":"https:\/\/cws.cz\/produkt\/dekab-muanyag-takarolemezek\/"},"modified":"2025-09-13T03:12:53","modified_gmt":"2025-09-13T01:12:53","slug":"dekab-muanyag-takarolemezek","status":"publish","type":"produkt","link":"https:\/\/cws.cz\/hu\/dekab-muanyag-takarolemezek\/","title":{"rendered":"DEKAB m\u0171anyag takar\u00f3lemezek"},"content":{"rendered":"\n<p>A DEKAB PVC \u00e9s PE&nbsp;k\u00e1belv\u00e9d\u0151 takar\u00f3lemezeket a&nbsp;f\u00f6ldbe fektetett k\u00e1belek (energia- \u00e9s t\u00e1vk\u00f6zl\u00e9si) \u00e9s cs\u0151vezet\u00e9k-rendszerek mechanikai v\u00e9delm\u00e9re haszn\u00e1lj\u00e1k. A&nbsp;k\u00e1belv\u00e9d\u0151 takar\u00f3lemezek egyben megk\u00fcl\u00f6nb\u00f6ztet\u0151 \u00e9s figyelmeztet\u0151 funkci\u00f3t is bet\u00f6ltenek (felirat \u00e9s sz\u00edn). Kiv\u00e1ltj\u00e1k a&nbsp;k\u00e1belek t\u00e9gl\u00e1val vagy betont\u00e1bl\u00e1kkal t\u00f6rt\u00e9n\u0151 v\u00e9delm\u00e9t. Ezekhez az anyagokhoz k\u00e9pest el\u0151nyt jelentenek hosszabb \u00e9lettartamukkal (legal\u00e1bb 30 \u00e9v), valamint a&nbsp;sz\u00e1ll\u00edt\u00e1s, kezel\u00e9s, t\u00e1rol\u00e1s \u00e9s a&nbsp;fektet\u00e9s l\u00e9nyegesen kisebb ig\u00e9ny\u00e9vel (a&nbsp;legsz\u00e9lesebb, 300 mm-es PVC-lemez 1 m\u00e9tere mind\u00f6ssze 0,75&nbsp;kg).   <\/p>\n\n<p>A DEKAB k\u00e1belv\u00e9d\u0151 takar\u00f3lemezek PVC-b\u0151l \u00e9s HDPE-b\u0151l k\u00e9sz\u00fclnek. A&nbsp;lemezek k\u00fcl\u00f6nb\u00f6z\u0151 sz\u00ednv\u00e1ltozatokban, a&nbsp;k\u00edv\u00e1nt felirattal gy\u00e1rthat\u00f3k. A&nbsp;DEKAB k\u00e1belv\u00e9d\u0151 takar\u00f3lemezek z\u00e1rral vannak ell\u00e1tva, amely biztos\u00edtja a&nbsp;lemezek szil\u00e1rd hosszir\u00e1ny\u00fa \u00f6sszekapcsol\u00e1s\u00e1t oly m\u00f3don, hogy egym\u00e1st \u00e1tfedj\u00e9k. Az \u00f6sszekapcsol\u00e1s lehet\u0151v\u00e9 teszi a&nbsp;takar\u00e1st enyhe \u00edvekben, mind f\u00fcgg\u0151leges, mind v\u00edzszintes helyzetben. A&nbsp;z\u00e1rak kialak\u00edt\u00e1sa garant\u00e1lja a&nbsp;lemezek er\u0151s \u00f6sszekapcsol\u00e1s\u00e1t, \u00edgy a&nbsp;f\u00f6ldmunkag\u00e9pekkel t\u00f6rt\u00e9n\u0151 betemet\u00e9s sor\u00e1n nem mozdulnak el.    <\/p>\n\n<p><\/p>\n","protected":false},"excerpt":{"rendered":"<p>A DEKAB PVC \u00e9s PE&nbsp;k\u00e1belv\u00e9d\u0151 takar\u00f3lemezeket a&nbsp;f\u00f6ldbe fektetett k\u00e1belek (energia- \u00e9s t\u00e1vk\u00f6zl\u00e9si) \u00e9s cs\u0151vezet\u00e9k-rendszerek mechanikai v\u00e9delm\u00e9re haszn\u00e1lj\u00e1k.<\/p>\n","protected":false},"featured_media":10441,"template":"","meta":{"_acf_changed":false},"kategorie-produktu":[165],"class_list":["post-10423","produkt","type-produkt","status-publish","has-post-thumbnail","hentry","kategorie-produktu-dekab-kabelvedo-lemezek-es-szalagok"],"acf":[],"_links":{"self":[{"href":"https:\/\/cws.cz\/hu\/wp-json\/wp\/v2\/produkt\/10423","targetHints":{"allow":["GET"]}}],"collection":[{"href":"https:\/\/cws.cz\/hu\/wp-json\/wp\/v2\/produkt"}],"about":[{"href":"https:\/\/cws.cz\/hu\/wp-json\/wp\/v2\/types\/produkt"}],"wp:featuredmedia":[{"embeddable":true,"href":"https:\/\/cws.cz\/hu\/wp-json\/wp\/v2\/media\/10441"}],"wp:attachment":[{"href":"https:\/\/cws.cz\/hu\/wp-json\/wp\/v2\/media?parent=10423"}],"wp:term":[{"taxonomy":"kategorie-produktu","embeddable":true,"href":"https:\/\/cws.cz\/hu\/wp-json\/wp\/v2\/kategorie-produktu?post=10423"}],"curies":[{"name":"wp","href":"https:\/\/api.w.org\/{rel}","templated":true}]}}

DEKAB műanyag takarólemezek

<p>A DEKAB PVC és PE&nbsp;kábelvédő takarólemezeket a&nbsp;földbe fektetett kábelek (energia- és távközlési) és csővezeték-rendszerek mechanikai védelmére használják. A&nbsp;kábelvédő takarólemezek egyben megkülönböztető és figyelmeztető funkciót is betöltenek (felirat és szín). Kiváltják a&nbsp;kábelek téglával vagy betontáblákkal történő védelmét. Ezekhez az anyagokhoz képest előnyt jelentenek hosszabb élettartamukkal (legalább 30 év), valamint a&nbsp;szállítás, kezelés, tárolás és a&nbsp;fektetés lényegesen kisebb igényével (a&nbsp;legszélesebb, 300 mm-es PVC-lemez 1 métere mindössze 0,75&nbsp;kg).   </p>

<p>A DEKAB kábelvédő takarólemezek PVC-ből és HDPE-ből készülnek. A&nbsp;lemezek különböző színváltozatokban, a&nbsp;kívánt felirattal gyárthatók. A&nbsp;DEKAB kábelvédő takarólemezek zárral vannak ellátva, amely biztosítja a&nbsp;lemezek szilárd hosszirányú összekapcsolását oly módon, hogy egymást átfedjék. Az összekapcsolás lehetővé teszi a&nbsp;takarást enyhe ívekben, mind függőleges, mind vízszintes helyzetben. A&nbsp;zárak kialakítása garantálja a&nbsp;lemezek erős összekapcsolását, így a&nbsp;földmunkagépekkel történő betemetés során nem mozdulnak el.    </p>

<p></p>

<p>A DEKAB PVC és PE&nbsp;kábelvédő takarólemezeket a&nbsp;földbe fektetett kábelek (energia- és távközlési) és csővezeték-rendszerek mechanikai védelmére használják.</p>
