{"id":10307,"date":"2025-03-13T09:48:09","date_gmt":"2025-03-13T08:48:09","guid":{"rendered":"https:\/\/cws.cz\/products-field\/fedlapok\/"},"modified":"2025-09-12T23:52:51","modified_gmt":"2025-09-12T21:52:51","slug":"fedlapok","status":"publish","type":"products-field","link":"https:\/\/cws.cz\/hu\/products-field\/fedlapok\/","title":{"rendered":"Fedlapok"},"content":{"rendered":"\n<h2 class=\"wp-block-heading\">Keretek<\/h2>\n\n<div class=\"wp-block-columns is-layout-flex wp-container-core-columns-is-layout-9d6595d7 wp-block-columns-is-layout-flex\">\n<div class=\"wp-block-column is-layout-flow wp-block-column-is-layout-flow\">\n<p>A <strong>ZEKAN<\/strong> fedlapokhoz tartoz\u00f3 massz\u00edv keretek \u00fagy lettek m\u00e9retezve, hogy a&nbsp;fedlapokkal egy\u00fctt a&nbsp;legig\u00e9nyesebb k\u00f6r\u00fclm\u00e9nyek k\u00f6z\u00f6tt is haszn\u00e1lhat\u00f3k legyenek. A&nbsp;keretek egyszer\u0171en \u00f6sszekapcsolhat\u00f3k egy bev\u00e1lt k\u00f6t\u0151elemes rendszerrel 8 ponton, tov\u00e1bb\u00e1 r\u00f6gz\u00edthet\u0151k \u00e9p\u00edt\u0151ipari k\u00f6t\u0151anyaggal a&nbsp;sz\u00e9tszerelhetetlens\u00e9g biztos\u00edt\u00e1sa \u00e9rdek\u00e9ben. A&nbsp;keret kialak\u00edt\u00e1sa lehet\u0151v\u00e9 teszi fedlap-\u00f6ssze\u00e1ll\u00edt\u00e1sok k\u00e9sz\u00edt\u00e9s\u00e9t a&nbsp;vev\u0151 ig\u00e9nye szerint, a&nbsp;legkisebb 335 \u00d7 600 mm ny\u00edl\u00e1sm\u00e9rett\u0151l kezdve, ahol a&nbsp;fels\u0151 hat\u00e1r nincs korl\u00e1tozva, \u00e9s kiz\u00e1r\u00f3lag az adott telep\u00edt\u00e9s specifik\u00e1ci\u00f3j\u00e1t\u00f3l f\u00fcgg.  <\/p>\n<\/div>\n\n\n\n<div class=\"wp-block-column is-layout-flow wp-block-column-is-layout-flow\"><div class=\"wp-block-image\">\n<figure class=\"aligncenter size-full\"><img loading=\"lazy\" decoding=\"async\" width=\"866\" height=\"613\" src=\"https:\/\/cws.cz\/wp-content\/uploads\/2024\/05\/Ram-ZEKAN.webp\" alt=\"\" class=\"wp-image-1733\" srcset=\"https:\/\/cws.cz\/wp-content\/uploads\/2024\/05\/Ram-ZEKAN.webp 866w, https:\/\/cws.cz\/wp-content\/uploads\/2024\/05\/Ram-ZEKAN-300x212.webp 300w, https:\/\/cws.cz\/wp-content\/uploads\/2024\/05\/Ram-ZEKAN-768x544.webp 768w\" sizes=\"auto, (max-width: 866px) 100vw, 866px\" \/><\/figure><\/div><\/div>\n<\/div>\n\n<h2 class=\"wp-block-heading\">Fedlapok<\/h2>\n\n<div class=\"wp-block-columns is-layout-flex wp-container-core-columns-is-layout-9d6595d7 wp-block-columns-is-layout-flex\">\n<div class=\"wp-block-column is-layout-flow wp-block-column-is-layout-flow\"><div class=\"wp-block-image\">\n<figure class=\"aligncenter size-full\"><img loading=\"lazy\" decoding=\"async\" width=\"592\" height=\"422\" src=\"https:\/\/cws.cz\/wp-content\/uploads\/2024\/05\/Poklop-ZEKAN-XL-1.webp\" alt=\"\" class=\"wp-image-1102\" srcset=\"https:\/\/cws.cz\/wp-content\/uploads\/2024\/05\/Poklop-ZEKAN-XL-1.webp 592w, https:\/\/cws.cz\/wp-content\/uploads\/2024\/05\/Poklop-ZEKAN-XL-1-300x214.webp 300w\" sizes=\"auto, (max-width: 592px) 100vw, 592px\" \/><\/figure><\/div><\/div>\n\n\n\n<div class=\"wp-block-column is-layout-flow wp-block-column-is-layout-flow\">\n<p>A fedlapok gy\u00e1rt\u00e1s\u00e1hoz haszn\u00e1lt anyag \u00f6nkiolt\u00f3, m\u00e9rettart\u00f3, nagy fel\u00fcleti kem\u00e9nys\u00e9g\u0171, higi\u00e9nikusan biztons\u00e1gos, h\u0151szigetel\u0151 \u00e9s nem m\u00e1gneses. A&nbsp;fedlapok hagyom\u00e1nyos f\u00e9mmegmunk\u00e1l\u00f3 szersz\u00e1mokkal is megmunk\u00e1lhat\u00f3k. <\/p>\n\n\n\n<p>A fedlapok z\u00e1rhat\u00f3s\u00e1ga standard kivitelben egy metrikus menettel ell\u00e1tott csavar \u00e9s a&nbsp;kamratestbe szerelt menetes h\u00fcvely seg\u00edts\u00e9g\u00e9vel van megoldva. V\u00e1laszthat\u00f3 klasszikus, hatsz\u00f6gfej\u0171 M10-es csavaros kivitel, illetve <strong>TORX <\/strong>t\u00edpus\u00fa <strong>SECURITY<\/strong> csavaros megold\u00e1s is. <\/p>\n<\/div>\n<\/div>\n\n<h2 class=\"wp-block-heading\">Burkolhat\u00f3 fedlapok<\/h2>\n\n<div class=\"wp-block-columns is-layout-flex wp-container-core-columns-is-layout-9d6595d7 wp-block-columns-is-layout-flex\">\n<div class=\"wp-block-column is-layout-flow wp-block-column-is-layout-flow\">\n<p>Az \u00f6nt\u00f6ttvas fedlapokat az alapvet\u0151 terhel\u00e9si oszt\u00e1lyokban akkor is alkalmazz\u00e1k, ha ig\u00e9ny van a&nbsp;fedlap mint\u00e1zat\u00e1nak egys\u00e9ges\u00edt\u00e9s\u00e9re azok t\u00e9rburkolatba t\u00f6rt\u00e9n\u0151 be\u00e9p\u00edt\u00e9sekor.<\/p>\n\n\n\n<p>Magasabb kivitel\u0171 keret ker\u00fcl alkalmaz\u00e1sra, hogy s\u00edkban legyen a&nbsp;rozsdamentes t\u00e1lc\u00e1kkal, amelyek ak\u00e1r 10 cm magass\u00e1g\u00fa burkolattal is lefedhet\u0151k. Alacsonyabb burkolat haszn\u00e1lata eset\u00e9n az ilyen burkolatot megfelel\u0151 magass\u00e1gig inert anyag r\u00e9teg\u00e9vel kell al\u00e1t\u00e1masztani. <\/p>\n<\/div>\n\n\n\n<div class=\"wp-block-column is-layout-flow wp-block-column-is-layout-flow\"><div class=\"wp-block-image\">\n<figure class=\"aligncenter size-full\"><img loading=\"lazy\" decoding=\"async\" width=\"587\" height=\"425\" src=\"https:\/\/cws.cz\/wp-content\/uploads\/2024\/05\/Poklopy-pro-zadlazdeni.webp\" alt=\"\" class=\"wp-image-1105\" srcset=\"https:\/\/cws.cz\/wp-content\/uploads\/2024\/05\/Poklopy-pro-zadlazdeni.webp 587w, https:\/\/cws.cz\/wp-content\/uploads\/2024\/05\/Poklopy-pro-zadlazdeni-300x217.webp 300w\" sizes=\"auto, (max-width: 587px) 100vw, 587px\" \/><\/figure><\/div><\/div>\n<\/div>\n\n<h2 class=\"wp-block-heading\">A ZEKAN \u00f6nt\u00f6ttvas fedlapok terhelhet\u0151s\u00e9ge<\/h2>\n\n<div class=\"wp-block-columns is-layout-flex wp-container-core-columns-is-layout-9d6595d7 wp-block-columns-is-layout-flex\">\n<div class=\"wp-block-column is-layout-flow wp-block-column-is-layout-flow\"><div class=\"wp-block-image\">\n<figure class=\"aligncenter size-large\"><img loading=\"lazy\" decoding=\"async\" width=\"1024\" height=\"724\" src=\"https:\/\/cws.cz\/wp-content\/uploads\/2024\/05\/CWS_schema-mesta_300DPI-1024x724.webp\" alt=\"\" class=\"wp-image-1108\" srcset=\"https:\/\/cws.cz\/wp-content\/uploads\/2024\/05\/CWS_schema-mesta_300DPI-1024x724.webp 1024w, https:\/\/cws.cz\/wp-content\/uploads\/2024\/05\/CWS_schema-mesta_300DPI-300x212.webp 300w, https:\/\/cws.cz\/wp-content\/uploads\/2024\/05\/CWS_schema-mesta_300DPI-768x543.webp 768w, https:\/\/cws.cz\/wp-content\/uploads\/2024\/05\/CWS_schema-mesta_300DPI-1536x1086.webp 1536w, https:\/\/cws.cz\/wp-content\/uploads\/2024\/05\/CWS_schema-mesta_300DPI-2048x1448.webp 2048w\" sizes=\"auto, (max-width: 1024px) 100vw, 1024px\" \/><\/figure><\/div><\/div>\n\n\n\n<div class=\"wp-block-column is-layout-flow wp-block-column-is-layout-flow\">\n<p>A fedlapok \u00e9s a&nbsp;kapcsol\u00f3d\u00f3 szerkezetek terhelhet\u0151s\u00e9g\u00e9nek besorol\u00e1sa az<strong> EN 124<\/strong> szabv\u00e1ny szerint t\u00f6rt\u00e9nik, amely 6 terhel\u00e9si oszt\u00e1lyt k\u00fcl\u00f6nb\u00f6ztet meg, <strong>A<\/strong>-t\u00f3l<strong> F<\/strong>-ig jel\u00f6lve. A&nbsp;<strong>ZEKAN<\/strong> k\u00e1belkamra-rendszer lehet\u0151v\u00e9 teszi a&nbsp;2 leggyakoribb terhel\u00e9si oszt\u00e1ly, a&nbsp;<strong>B125<\/strong> (12,5 tonna) \u00e9s a<strong> D400<\/strong> (40 tonna) alkalmaz\u00e1s\u00e1t. <\/p>\n\n\n\n<p>Az egyes t\u00edpusok alkalmazhat\u00f3s\u00e1g\u00e1t a&nbsp;fent eml\u00edtett szabv\u00e1ny \u00edrja le. A&nbsp;megfelel\u0151 terhel\u00e9si oszt\u00e1ly kiv\u00e1laszt\u00e1sa bizonyos m\u00e9rt\u00e9kig a&nbsp;felel\u0151s tervez\u0151 hat\u00e1sk\u00f6r\u00e9be tartozik, a&nbsp;k\u00e1belakna elhelyez\u00e9s\u00e9nek konkr\u00e9t k\u00f6r\u00fclm\u00e9nyeit\u0151l f\u00fcgg\u0151en. Az al\u00e1bbi \u00e1bra csak alapvet\u0151 t\u00e1j\u00e9koz\u00f3d\u00e1sra szolg\u00e1l.  <\/p>\n<\/div>\n<\/div>\n\n<div class=\"wp-block-columns is-layout-flex wp-container-core-columns-is-layout-9d6595d7 wp-block-columns-is-layout-flex\">\n<div class=\"wp-block-column is-layout-flow wp-block-column-is-layout-flow\">\n<h2 class=\"wp-block-heading\">Az \u00f6nt\u00f6ttvas fedlapok el\u0151nyei:<\/h2>\n\n\n\n<ul class=\"wp-block-list\">\n<li>alak- \u00e9s m\u00e9retvari\u00e1lhat\u00f3s\u00e1g<\/li>\n\n\n\n<li>a term\u00e9k szil\u00e1rds\u00e1ga \u00e9s merevs\u00e9ge<\/li>\n\n\n\n<li>\u00f6nkiolt\u00f3 tulajdons\u00e1g<\/li>\n\n\n\n<li>fel\u00fcleti sz\u00ednkivitel RAL-sk\u00e1la szerint<\/li>\n\n\n\n<li>fel\u00fcletv\u00e1laszt\u00e1si lehet\u0151s\u00e9g \u2013 betonhat\u00e1s, magasf\u00e9ny\u0171 vagy matt kivitel<\/li>\n\n\n\n<li>fel\u00fcleti kem\u00e9nys\u00e9g<\/li>\n\n\n\n<li>higi\u00e9niai \u00e1rtalmatlans\u00e1g<\/li>\n\n\n\n<li>h\u0151szigetel\u0151<\/li>\n\n\n\n<li>nem m\u00e1gneses<\/li>\n\n\n\n<li>k\u00e9miailag \u00e9s mechanikailag ellen\u00e1ll\u00f3<\/li>\n\n\n\n<li>alacsony karbantart\u00e1si k\u00f6lts\u00e9g<\/li>\n\n\n\n<li>id\u0151j\u00e1r\u00e1s\u00e1ll\u00f3<\/li>\n<\/ul>\n<\/div>\n<\/div>\n","protected":false},"template":"","meta":{"_acf_changed":false},"class_list":["post-10307","products-field","type-products-field","status-publish","hentry"],"acf":[],"_links":{"self":[{"href":"https:\/\/cws.cz\/hu\/wp-json\/wp\/v2\/products-field\/10307","targetHints":{"allow":["GET"]}}],"collection":[{"href":"https:\/\/cws.cz\/hu\/wp-json\/wp\/v2\/products-field"}],"about":[{"href":"https:\/\/cws.cz\/hu\/wp-json\/wp\/v2\/types\/products-field"}],"wp:attachment":[{"href":"https:\/\/cws.cz\/hu\/wp-json\/wp\/v2\/media?parent=10307"}],"curies":[{"name":"wp","href":"https:\/\/api.w.org\/{rel}","templated":true}]}}

<h2 class="wp-block-heading">Keretek</h2>

<div class="wp-block-columns is-layout-flex wp-container-core-columns-is-layout-9d6595d7 wp-block-columns-is-layout-flex">
<div class="wp-block-column is-layout-flow wp-block-column-is-layout-flow">
<p>A <strong>ZEKAN</strong> fedlapokhoz tartozó masszív keretek úgy lettek méretezve, hogy a&nbsp;fedlapokkal együtt a&nbsp;legigényesebb körülmények között is használhatók legyenek. A&nbsp;keretek egyszerűen összekapcsolhatók egy bevált kötőelemes rendszerrel 8 ponton, továbbá rögzíthetők építőipari kötőanyaggal a&nbsp;szétszerelhetetlenség biztosítása érdekében. A&nbsp;keret kialakítása lehetővé teszi fedlap-összeállítások készítését a&nbsp;vevő igénye szerint, a&nbsp;legkisebb 335 × 600 mm nyílásmérettől kezdve, ahol a&nbsp;felső határ nincs korlátozva, és kizárólag az adott telepítés specifikációjától függ.  </p>
</div>



<div class="wp-block-column is-layout-flow wp-block-column-is-layout-flow"><div class="wp-block-image">
<figure class="aligncenter size-full"><img loading="lazy" decoding="async" width="866" height="613" src="https://cws.cz/wp-content/uploads/2024/05/Ram-ZEKAN.webp" alt="" class="wp-image-1733" srcset="https://cws.cz/wp-content/uploads/2024/05/Ram-ZEKAN.webp 866w, https://cws.cz/wp-content/uploads/2024/05/Ram-ZEKAN-300x212.webp 300w, https://cws.cz/wp-content/uploads/2024/05/Ram-ZEKAN-768x544.webp 768w" sizes="auto, (max-width: 866px) 100vw, 866px" /></figure></div></div>
</div>

<h2 class="wp-block-heading">Fedlapok</h2>

<div class="wp-block-columns is-layout-flex wp-container-core-columns-is-layout-9d6595d7 wp-block-columns-is-layout-flex">
<div class="wp-block-column is-layout-flow wp-block-column-is-layout-flow"><div class="wp-block-image">
<figure class="aligncenter size-full"><img loading="lazy" decoding="async" width="592" height="422" src="https://cws.cz/wp-content/uploads/2024/05/Poklop-ZEKAN-XL-1.webp" alt="" class="wp-image-1102" srcset="https://cws.cz/wp-content/uploads/2024/05/Poklop-ZEKAN-XL-1.webp 592w, https://cws.cz/wp-content/uploads/2024/05/Poklop-ZEKAN-XL-1-300x214.webp 300w" sizes="auto, (max-width: 592px) 100vw, 592px" /></figure></div></div>



<div class="wp-block-column is-layout-flow wp-block-column-is-layout-flow">
<p>A fedlapok gyártásához használt anyag önkioltó, mérettartó, nagy felületi keménységű, higiénikusan biztonságos, hőszigetelő és nem mágneses. A&nbsp;fedlapok hagyományos fémmegmunkáló szerszámokkal is megmunkálhatók. </p>



<p>A fedlapok zárhatósága standard kivitelben egy metrikus menettel ellátott csavar és a&nbsp;kamratestbe szerelt menetes hüvely segítségével van megoldva. Választható klasszikus, hatszögfejű M10-es csavaros kivitel, illetve <strong>TORX </strong>típusú <strong>SECURITY</strong> csavaros megoldás is. </p>
</div>
</div>

<h2 class="wp-block-heading">Burkolható fedlapok</h2>

<div class="wp-block-columns is-layout-flex wp-container-core-columns-is-layout-9d6595d7 wp-block-columns-is-layout-flex">
<div class="wp-block-column is-layout-flow wp-block-column-is-layout-flow">
<p>Az öntöttvas fedlapokat az alapvető terhelési osztályokban akkor is alkalmazzák, ha igény van a&nbsp;fedlap mintázatának egységesítésére azok térburkolatba történő beépítésekor.</p>



<p>Magasabb kivitelű keret kerül alkalmazásra, hogy síkban legyen a&nbsp;rozsdamentes tálcákkal, amelyek akár 10 cm magasságú burkolattal is lefedhetők. Alacsonyabb burkolat használata esetén az ilyen burkolatot megfelelő magasságig inert anyag rétegével kell alátámasztani. </p>
</div>



<div class="wp-block-column is-layout-flow wp-block-column-is-layout-flow"><div class="wp-block-image">
<figure class="aligncenter size-full"><img loading="lazy" decoding="async" width="587" height="425" src="https://cws.cz/wp-content/uploads/2024/05/Poklopy-pro-zadlazdeni.webp" alt="" class="wp-image-1105" srcset="https://cws.cz/wp-content/uploads/2024/05/Poklopy-pro-zadlazdeni.webp 587w, https://cws.cz/wp-content/uploads/2024/05/Poklopy-pro-zadlazdeni-300x217.webp 300w" sizes="auto, (max-width: 587px) 100vw, 587px" /></figure></div></div>
</div>

<h2 class="wp-block-heading">A ZEKAN öntöttvas fedlapok terhelhetősége</h2>

<div class="wp-block-columns is-layout-flex wp-container-core-columns-is-layout-9d6595d7 wp-block-columns-is-layout-flex">
<div class="wp-block-column is-layout-flow wp-block-column-is-layout-flow"><div class="wp-block-image">
<figure class="aligncenter size-large"><img loading="lazy" decoding="async" width="1024" height="724" src="https://cws.cz/wp-content/uploads/2024/05/CWS_schema-mesta_300DPI-1024x724.webp" alt="" class="wp-image-1108" srcset="https://cws.cz/wp-content/uploads/2024/05/CWS_schema-mesta_300DPI-1024x724.webp 1024w, https://cws.cz/wp-content/uploads/2024/05/CWS_schema-mesta_300DPI-300x212.webp 300w, https://cws.cz/wp-content/uploads/2024/05/CWS_schema-mesta_300DPI-768x543.webp 768w, https://cws.cz/wp-content/uploads/2024/05/CWS_schema-mesta_300DPI-1536x1086.webp 1536w, https://cws.cz/wp-content/uploads/2024/05/CWS_schema-mesta_300DPI-2048x1448.webp 2048w" sizes="auto, (max-width: 1024px) 100vw, 1024px" /></figure></div></div>



<div class="wp-block-column is-layout-flow wp-block-column-is-layout-flow">
<p>A fedlapok és a&nbsp;kapcsolódó szerkezetek terhelhetőségének besorolása az<strong> EN 124</strong> szabvány szerint történik, amely 6 terhelési osztályt különböztet meg, <strong>A</strong>-tól<strong> F</strong>-ig jelölve. A&nbsp;<strong>ZEKAN</strong> kábelkamra-rendszer lehetővé teszi a&nbsp;2 leggyakoribb terhelési osztály, a&nbsp;<strong>B125</strong> (12,5 tonna) és a<strong> D400</strong> (40 tonna) alkalmazását. </p>



<p>Az egyes típusok alkalmazhatóságát a&nbsp;fent említett szabvány írja le. A&nbsp;megfelelő terhelési osztály kiválasztása bizonyos mértékig a&nbsp;felelős tervező hatáskörébe tartozik, a&nbsp;kábelakna elhelyezésének konkrét körülményeitől függően. Az alábbi ábra csak alapvető tájékozódásra szolgál.  </p>
</div>
</div>

<div class="wp-block-columns is-layout-flex wp-container-core-columns-is-layout-9d6595d7 wp-block-columns-is-layout-flex">
<div class="wp-block-column is-layout-flow wp-block-column-is-layout-flow">
<h2 class="wp-block-heading">Az öntöttvas fedlapok előnyei:</h2>



<ul class="wp-block-list">
<li>alak- és méretvariálhatóság</li>



<li>a termék szilárdsága és merevsége</li>



<li>önkioltó tulajdonság</li>



<li>felületi színkivitel RAL-skála szerint</li>



<li>felületválasztási lehetőség – betonhatás, magasfényű vagy matt kivitel</li>



<li>felületi keménység</li>



<li>higiéniai ártalmatlanság</li>



<li>hőszigetelő</li>



<li>nem mágneses</li>



<li>kémiailag és mechanikailag ellenálló</li>



<li>alacsony karbantartási költség</li>



<li>időjárásálló</li>
</ul>
</div>
</div>
